 = l - 17. Let j be x(21). Suppose j = -4*c, 3 = -3*n - c + 1022. What is the highest common factor of 20 and n?
20
Let w(l) = -l**3 + 48*l**2 - 262*l + 5. Let o be w(7). What is the greatest common divisor of 630 and o?
90
Let c(p) = -p**2 - 38*p + 134. Let k = -26 + -14. Let f be c(k). What is the greatest common divisor of f and 729?
27
Suppose 3*p - 15 = 0, -5*p + 1 = -3*u - 63. Let f = u + 105. What is the greatest common divisor of f and 69?
23
Suppose 5*n = 6 - 11. Let x be 0 - (n - 4/8*2). Suppose -3 = x*h - 483. Calculate the greatest common factor of 30 and h.
30
Let r(w) = 2*w**3 + 20*w**2 - 202*w - 1388. Let p be r(-7). What is the highest common factor of p and 590?
10
Let v(d) = -6*d**2 + 181*d + 68. Let t be v(30). What is the greatest common factor of t and 490?
98
Let s(r) = 2*r**2 + 155*r - 305. Let l be s(2). Calculate the greatest common factor of 20540 and l.
13
Let r(s) = 24*s + 627. Let q be r(-24). Let d(w) = -w**3 + 9*w**2 - 9*w + 11. Let h be d(8). What is the greatest common factor of h and q?
3
Suppose 3*h - 6 - 39 = -3*q, 3*h = q - 27. What is the greatest common divisor of q and 711?
9
Let p be (2055/9)/(22/66). Suppose -5*o + 3*x + p + 5 = 0, -x = -2*o + 275. Calculate the greatest common factor of 81 and o.
27
Let o(a) = -a**2 - 7*a + 1. Let m be o(-7). Suppose -5*y - 40 = 2766*k - 2771*k, -3*k - 5*y + 16 = 0. What is the highest common factor of m and k?
1
Let l = -35 - -25. Let z = 16 + l. Suppose 0 = -z*t + 2*t + 336. Calculate the greatest common factor of t and 21.
21
Let u = 62 - 50. Let s = -489 + 1197. What is the highest common divisor of u and s?
12
Let g(p) = -863*p + 11384. Let h be g(13). Calculate the greatest common divisor of h and 2255.
55
Let g be 9*((-112)/(-36))/7. Let i be 27/g - (-36)/(-48). Calculate the greatest common divisor of i and 24.
6
Let c(f) = f**3 + 26*f**2 - 122*f - 55. Let p be c(-30). What is the greatest common divisor of p and 80?
5
Let o(t) = -19*t - 16. Let g(a) = 18*a + 14. Let y(m) = 5*g(m) + 6*o(m). Let n be y(-5). Calculate the highest common divisor of n and 47.
47
Let a be (3 - 6) + 1 - -42. Let x = -21 + a. Suppose -4*b + 832 = 2*z, -19*b - 412 = -21*b - 3*z. Calculate the highest common divisor of b and x.
19
Let z be (414/92)/(6/128). What is the greatest common factor of 348 and z?
12
Suppose 65 - 389 = -12*y. Suppose -4*u - 181 = -5*o, 5*o = -5*u + y + 118. Suppose -3*d = -0*d - o. Calculate the highest common factor of d and 143.
11
Suppose -39*b - 6170 = -55*b + 390. Calculate the greatest common factor of b and 164.
82
Let j = -294 - -550. Suppose 0 = -4*q - 5*u + 314, 34 = -3*q + 3*u + j. Calculate the highest common divisor of q and 57.
19
Let u be 291/(-194) + (42/(-4))/(-3). Calculate the highest common divisor of u and 119.
1
Suppose -5*y + 328 = -2*a + 3*a, -2*a - 3*y + 656 = 0. What is the highest common divisor of 56 and a?
8
Let q(o) = -7*o**3 + o**2 + 4*o + 2. Let h = -459 + 458. Let u be q(h). What is the highest common divisor of u and 39?
3
Let t(p) = p**3 + 14*p**2 + 23*p - 11. Let z be t(-12). What is the greatest common divisor of z and 409?
1
Suppose 10*n - 6640 = -5260. What is the highest common factor of 36 and n?
6
Let k(o) = o**2 + 92*o + 2082. Let w be k(-94). Calculate the highest common factor of w and 10.
10
Let h = 2 + 223. Suppose -42*u + 27*u = -h. Let i = 646 + -451. What is the greatest common factor of i and u?
15
Suppose 2*s - 3*d = 7*s + 20, -5*d = -s - 32. Let r be 284/497 - (2 + 8046/s). Calculate the greatest common divisor of r and 28.
28
Suppose -h + 9*d = 4*d - 1273, 2*h - d = 2510. Let s = 1797 - h. Calculate the greatest common divisor of 17 and s.
17
Suppose 0 = 4*x - s - 14, -5*x + 72 = 3*s + 29. What is the highest common divisor of 12240 and x?
5
Let j be (9/1)/((-3)/(-2)). Suppose -2*w + 332*r - 333*r = -31, 0 = 4*w + 5*r - 83. Calculate the highest common divisor of w and j.
6
Let f be 14 + -5 + (-4 + 1 - 2). Suppose 3*h - 9*b = -6*b + 102, 2*h - 74 = f*b. Calculate the greatest common divisor of h and 31.
31
Let y be -4*(22/4 + -5). Let u = 10 - 12. Let h be (-1 - -1) + (32 + u - y). Calculate the greatest common divisor of h and 80.
16
Suppose -884 - 1081 = -9*a - 813. Calculate the highest common factor of a and 1376.
32
Let d(s) = -17*s - 74*s - 8 + 0. Let t be d(4). Let i be (1/(-2))/(5 - (-1866)/t). What is the highest common divisor of i and 31?
31
Let g(j) = -5*j**2 + 50*j - 8. Let r be g(-6). Let i = r - -626. Calculate the highest common divisor of 184 and i.
46
Suppose 2*u - 4*d = -2, -4*u + 38 = 3*d - 2. Let v be (-98)/(-8) + -3*u/84. What is the greatest common factor of v and 192?
12
Suppose 119*p - 117*p - 5434 = 0. Let m be 2/6 - p/(-57). Calculate the greatest common factor of 24 and m.
24
Suppose 0 = -5*n + v + 925, 0 = -4*n + n - 4*v + 578. What is the highest common divisor of 1581 and n?
93
Let d = -240 + 241. Let f be d/((3 - (-51)/(-15))/(-24)). What is the highest common factor of 40 and f?
20
Let l be 1*(-2)/(2/(-9)). Let k be (-2)/10 - 3/(-15). Let c be ((0 + 1 + k)*1)/1. Calculate the greatest common factor of c and l.
1
Let g = -1664 + 2566. Calculate the highest common factor of g and 574.
82
Suppose 17 - 66 = -7*h. Let g(z) = z**2 - 9*z + 17. Let m be g(h). Let t be 3 + 11 - (2 - m). Calculate the highest common factor of 15 and t.
15
Suppose -2359 - 2393 = 4*y - 20*y. Calculate the highest common divisor of y and 33.
33
Suppose -i = -4*i + 15, 4200 = 5*h - 5*i. Calculate the highest common factor of h and 130.
65
Let w(s) = 5*s**2 - 18*s + 55. Let c be w(15). Calculate the greatest common divisor of 70 and c.
70
Suppose -4*a - a = 0, 0 = 2*v - 3*a - 70. Let w be 160/6*42/v. Suppose -234*k + w = -233*k. What is the highest common divisor of 48 and k?
16
Suppose -2453 - 9184 = -9*r. Suppose -l - l - 3*t + r = 0, 2*l - 1294 = -4*t. What is the highest common factor of 15 and l?
15
Let j = 1563 + -1503. Calculate the highest common divisor of j and 580.
20
Let h(c) = 3*c**3 - 11*c**2 + 4*c + 8. Let r be h(4). Let n = 92 - r. Calculate the highest common divisor of 156 and n.
52
Let v(w) = -w**3 + 40*w - 6. Let x be v(6). Calculate the greatest common divisor of x and 2745.
9
Let b be (140/21 - 7)/(1/141). Let z = b - -66. Let v = z - 18. What is the highest common divisor of v and 13?
1
Let r be 24/9 - 2 - 11/((-99)/16122). What is the highest common divisor of r and 1152?
128
Suppose 30*h = -36580 + 41380. What is the greatest common divisor of 9640 and h?
40
Let w be (528 - -3) + ((-33)/(-4))/(372/(-496)). Let d be 291/18 + 1/(-6). What is the greatest common divisor of d and w?
8
Let d(q) = q**2 + 168*q + 5635. Let l be d(-43). What is the greatest common factor of l and 3484?
52
Let o be -39*(2 - 7/3). Let z(t) = 2*t**2 + 89*t - 3555. Let v be z(-71). Calculate the highest common divisor of o and v.
13
Let t be 41/82 + (-1157)/(-2) + 4. Calculate the highest common factor of t and 689.
53
Suppose -3 = -9*a - 129. Let i(x) = 14*x**2 + 31 + 2*x**2 + x**3 - 3*x**2 - 13*x. Let w be i(a). What is the highest common factor of 153 and w?
17
Let m(i) = i. Let b(z) = 11*z + 9. Let y(v) = -b(v) + 2*m(v). Let d be y(-7). Let q(o) = -2*o + 2. Let a be q(-2). What is the highest common factor of a and d?
6
Suppose -2*u + 2*l + 640 = 0, 5*l + 300 = -0*u + u. Suppose -2*a = o - 55, -3*o + 4*a - 407 = -622. What is the greatest common factor of o and u?
65
Let b(i) = 19*i**2 + 117*i - 131. Let d be b(13). Calculate the highest common divisor of 86 and d.
43
Let a(n) = -70*n + 105. Let i be a(-4). Suppose -402*h + 5168 = -i*h. What is the highest common factor of h and 96?
16
Let a = -59 - -59. Suppose a*d = 5*u + 5*d - 545, 0 = -4*u - 5*d + 440. Suppose b + 15 = 2*b. Calculate the highest common divisor of u and b.
15
Let f = -214 + 206. Let o be (9/2)/(-10*f/160). Calculate the highest common divisor of o and 207.
9
Let j(p) = -15*p**2 + 7*p + 2. Let k be j(-5). Let g be (k/8)/((-6)/4 + 0). What is the greatest common factor of 2 and g?
2
Let s(l) = -237*l + 3068. Let i be s(9). Calculate the greatest common divisor of 170 and i.
85
Let z(v) = 7*v**2 + 288*v + 75. Let q be z(-46). Calculate the greatest common factor of 143 and q.
11
Suppose 0*k - 30 = k - 2*q, -4*k - 4*q - 96 = 0. Let j = 